{"id":5233,"date":"2022-06-13T10:34:49","date_gmt":"2022-06-13T10:34:49","guid":{"rendered":"https:\/\/beta.ascofame.org.co\/?page_id=5233"},"modified":"2022-06-13T10:47:37","modified_gmt":"2022-06-13T10:47:37","slug":"foro-regional-suroccidente-sobre-educacion-medica-2022","status":"publish","type":"page","link":"https:\/\/ascofame.org.co\/web\/foro-regional-suroccidente-sobre-educacion-medica-2022\/","title":{"rendered":"Foro Regional Sur Occidente sobre Educaci\u00f3n M\u00e9dica"},"content":{"rendered":"<div class=\"nolwrap\"><p>[vc_row][vc_column][vc_single_image image=&#8221;5234&#8243; img_size=&#8221;full&#8221; alignment=&#8221;center&#8221;][vc_empty_space][vc_tta_tour][vc_tta_section title=&#8221;Sobre el evento&#8221; tab_id=&#8221;1655114194975-01885da3-00d9&#8243;][vc_custom_heading text=&#8221;Sobre el evento&#8221; font_container=&#8221;tag:h2|text_align:center&#8221;][vc_column_text]La medicina evoluciona constantemente y la educaci\u00f3n en esta importante disciplina de la salud requiere ajustarse a las nuevas realidades sociales, demogr\u00e1ficas, epidemiol\u00f3gicas y tecnol\u00f3gicas para dar respuestas efectivas a la poblaci\u00f3n. La educaci\u00f3n m\u00e9dica colombiana goza de un gran reconocimiento internacional y la Asociaci\u00f3n Colombiana de Facultades de Medicina Ascofame ha sido parte esencial de su desarrollo en las \u00faltimas seis d\u00e9cadas.<\/p>\n<p>En los a\u00f1os recientes Ascofame ha promovido y liderado una serie de actividades para fortalecer la calidad y la pertinencia de la formaci\u00f3n m\u00e9dica, mediante ejercicios de construcci\u00f3n colectiva concertados con los programas de medicina, asociados y no asociados, y por primera vez, trabajando en uni\u00f3n con los ministerios de salud y protecci\u00f3n social, educaci\u00f3n, ASCUN y Sociedades Cient\u00edficas. Ascofame continuar\u00e1 promoviendo la participaci\u00f3n de las facultades de medicina en la implementaci\u00f3n y puesta en marcha de estas propuestas, a partir de foros regionales de socializaci\u00f3n de las recomendaciones estructuradas por el Consejo General de Educaci\u00f3n M\u00e9dica y sus salas de pregrado, posgrado y desarrollo profesional permanente.<\/p>\n<p>&nbsp;<\/p>\n<h4><b>LINEAS TEM\u00c1TICAS<\/b><\/h4>\n<p>[\/vc_column_text][vc_raw_html]JTNDb2wlM0UlMEElMjAlMDklM0NsaSUzRUltcGxlbWVudGFjaSVDMyVCM24lMjByZWNvbWVuZGFjaW9uZXMlMjBwcmVncmFkbyUyMENHRU0lM0MlMkZsaSUzRSUwQSUyMCUwOSUzQ2xpJTNFUmV0b3MlMjByZWdpb25hbGVzJTIwcGFyYSUyMGxhJTIwZm9ybWFjaSVDMyVCM24lMjBtJUMzJUE5ZGljYSUzQyUyRmxpJTNFJTBBJTIwJTA5JTNDbGklM0VDYWxpZGFkJTIwZGUlMjBsYSUyMGVkdWNhY2klQzMlQjNuJTIwbSVDMyVBOWRpY2ElMjBlbiUyMHBvc2dyYWRvJTIweSUyMERQUCUzQyUyRmxpJTNFJTBBJTNDJTJGb2wlM0U=[\/vc_raw_html][vc_empty_space][vc_single_image image=&#8221;5237&#8243; alignment=&#8221;center&#8221; onclick=&#8221;custom_link&#8221; link=&#8221;https:\/\/beta.ascofame.org.co\/web\/foro-regional-suroccidente-sobre-educacion-medica-2022\/#1655116496600-e48e3b4a-bdb0&#8243;][vc_empty_space][\/vc_tta_section][vc_tta_section title=&#8221;Agenda acad\u00e9mica&#8221; tab_id=&#8221;1655114195001-37b46093-871e&#8221;][vc_custom_heading text=&#8221;Agenda Acad\u00e9mica&#8221; font_container=&#8221;tag:h2|text_align:center&#8221;][vc_raw_html]JTNDdWwlM0UlMEElMjAlMDklM0NsaSUzRSUzQ3N0cm9uZyUzRTclM0EzMCUyMGEubSUyMCVFMiU4MCU5MyUyMDglM0EwMCUyMGEubS4lQzIlQTAlQzIlQTAlM0MlMkZzdHJvbmclM0UlN0MlMjBJbnNjcmlwY2lvbmVzJTIweSUyMHJlZ2lzdHJvJUMyJUEwNyUzQTMwJTIwYS5tJTIwJUUyJTgwJTkzJTIwOCUzQTAwJTIwYS5tJTIwJTdDJTIwSW5zY3JpcGNpb25lcyUyMHklMjByZWdpc3RybyUzQyUyRmxpJTNFJTBBJTIwJTA5JTNDbGklM0UlM0NzdHJvbmclM0U4JTNBMDAlMjBhLm0lMjAlRTIlODAlOTMlMjA4JTNBMTUlMjBhLm0lQzIlQTAlM0MlMkZzdHJvbmclM0UlQzIlQTAlMjAlN0MlMjBDb25mZXJlbmNpYSUyMGluYXVndXJhbC4lMjBEci4lMjBBbHZhcm8lMjBSb21lcm8lMjBUYXBpYSUyQyUyMHByZXNpZGVudGUlMjBqdW50YSUyMGRpcmVjdGl2YSUyMEFzY29mYW1lJTNDJTJGbGklM0UlMEElMjAlMDklM0NsaSUzRSUzQ3N0cm9uZyUzRTglM0ExNSUyMGEubSUyMCVFMiU4MCU5MyUyMDglM0EzMCUyMGEubSVDMiVBMCUzQyUyRnN0cm9uZyUzRSVDMiVBMCUyMCU3QyUyMCVDMiVCRkMlQzMlQjNtbyUyMHZhJTIwbGElMjByZWdpJUMzJUIzbiUyMGZyZW50ZSUyMGElMjBsYXMlMjByZWNvbWVuZGFjaW9uZXMlMjBkZSUyMENHRU0lM0YlMjAlRTIlODAlOTMlMjBEci4lMjBFZGdhciUyMFBhcnJhJTJDJTIwTWllbWJybyUyMEp1bnRhJTIwZGlyZWN0aXZhJTIwQXNjb2ZhbWUlMjAlMkYlMjBVbml2ZXJzaWRhZCUyMGRlbCUyMENhdWNhJTNDJTJGbGklM0UlMEElMjAlMDklM0NsaSUzRSUzQ3N0cm9uZyUzRTglM0EzMCUyMGEubSUyMCVFMiU4MCU5MyUyMDglM0E1MCUyMGEubSUzQyUyRnN0cm9uZyUzRSVDMiVBMCUyMCVDMiVBMCU3QyUyMEV4cGVyaWVuY2lhJTIwZXhpdG9zYSUyMGVuJTIwbGElMjByZWxhY2klQzMlQjNuJTIwZGVsJTIwY29udmVuaW8lMjBkb2NlbmNpYSUyMGRlJTIwc2VydmljaW8lMjBlbiUyMGluc3RpdHVjaW9uZXMlMjBwJUMzJUJBYmxpY2FzLiUyMERyLiUyMEphdmllciUyMFRvcnJlcyUyMCVFMiU4MCU5MyUyMFVuaXZlcnNpZGFkJTIwZGVsJTIwVmFsbGUlM0MlMkZsaSUzRSUwQSUyMCUwOSUzQ2xpJTNFJTNDc3Ryb25nJTNFOSUzQTAwJTIwYS5tJTIwJUUyJTgwJTkzJTIwOSUzQTIwJTIwYS5tJTNDJTJGc3Ryb25nJTNFJUMyJUEwJTIwJUMyJUEwJTdDJTIwQ29tdW5pY2FjaSVDMyVCM24lMjBlbiUyME1lZGljaW5hLiUyMERlJTIwbGElMjByZWxhY2klQzMlQjNuJTIwY2wlQzMlQURuaWNhJTIwYWwlMjBkaWFsb2dvJTIwZm9ybWF0aXZvLiUyMERyLiUyMEZyYW5jaXNjbyUyMEJvaCVDMyVCM3JxdWV6JTIwRyVDMyVCM25nb3JhJTIwJUUyJTgwJTkzJTIwVW5pdmVyc2lkYWQlMjBkZWwlMjBDYXVjYSUzQyUyRmxpJTNFJTBBJTIwJTA5JTNDbGklM0UlM0NzdHJvbmclM0U5JTNBMzAlMjBhLm0lMjAlRTIlODAlOTMlMjA5JTNBNTAlMjBhLm0lM0MlMkZzdHJvbmclM0UlQzIlQTAlMjAlQzIlQTAlN0MlMjBSZWZvcm1hJTIwY3VycmljdWxhciUyMGRlbCUyMFByb2dyYW1hJTIwZGUlMjBNZWRpY2luYSUyMHklMjBDaXJ1ZyVDMyVBRGElM0ElMjBlamUlMjBkZSUyMHByb2Zlc2lvbmFsaXNtbyUyQyUyMHNlbWluYXJpbyUyMGRlJTIwaW50ZWdyYWNpJUMzJUIzbiUyMHklMjBlamUlMjBkZSUyMGNvbXVuaWNhY2klQzMlQjNuLiUyMERyLiUyMENhcmxvcyUyMFBpbmVkYSUyMCVFMiU4MCU5MyUyMFVuaXZlcnNpZGFkJTIwZGVsJTIwVmFsbGUlM0MlMkZsaSUzRSUwQSUyMCUwOSUzQ2xpJTNFJTNDc3Ryb25nJTNFMTAlM0EwMCUyMGEubSUyMCVFMiU4MCU5MyUyMDEwJTNBMzAlMjBhLm0lM0MlMkZzdHJvbmclM0UlQzIlQTAlN0MlMjBSZWNlc28lMjAlRTIlODAlOTMlMjBDYWYlQzMlQTklM0MlMkZsaSUzRSUwQSUyMCUwOSUzQ2xpJTNFJTNDc3Ryb25nJTNFMTAlM0EzMCUyMGEubSUyMGElMjAxMCUzQTUwJTIwYS5tJTNDJTJGc3Ryb25nJTNFJUMyJUEwJTdDJTIwRXN0cmF0ZWdpYXMlMjBkZXNkZSUyMGxhcyUyMGFsaWFuemFzJTIwYWNhZCVDMyVBOW1pY28tYXNpc3RlbmNpYWwlMjBwYXJhJTIwZWwlMjBjdW1wbGltaWVudG8lMjBkZSUyMGVzdCVDMyVBMW5kYXJlcyUyMGRlJTIwbWVqb3JhbWllbnRvJTIwZW4lMjBFZHVjYWNpJUMzJUIzbiUyME0lQzMlQTlkaWNhJTIwJUUyJTgwJTkzJTIwRHIuJTIwTHVpcyUyMEFsYmVydG8lMjBFc2NvYmFyJTIwJUUyJTgwJTkzJTIwSUNFU0klM0MlMkZsaSUzRSUwQSUyMCUwOSUzQ2xpJTNFJTNDc3Ryb25nJTNFMTElM0EwMCUyMGEubSUyMCVFMiU4MCU5MyUyMDExJTNBNTAlMjBhLm0lM0MlMkZzdHJvbmclM0UlQzIlQTAlN0MlMjBGb3JvJTNBJTIwSGFibGVtb3MlMjBkZSUyMGxhJTIwaW1wbGVtZW50YWNpJUMzJUIzbiUyMGRlJTIwbGFzJTIwcmVjb21lbmRhY2lvbmVzLiUyME1vZGVyYSUzQSUyMERyYS4lMjBEaWFuYSUyME1hcnRpbmV6JTIwJUUyJTgwJTkzJTIwVW5pdmVyc2lkYWQlMjBMaWJyZSUyMGRlJTIwQ2FsaSUzQyUyRmxpJTNFJTBBJTIwJTA5JTNDbGklM0UlM0NzdHJvbmclM0UxMiUzQTAwJTIwbSUyMCVFMiU4MCU5MyUyMDElM0EwMCUyMHAubSUzQyUyRnN0cm9uZyUzRSVDMiVBMCUyMCVDMiVBMCUyMCVDMiVBMCUyMCU3QyUyMFBhbmVsJTIwZGUlMjBkaXNjdXNpJUMzJUIzbiUyMCVFMiU4MCU5MyUyMFJldG9zJTJDJTIwZGlmaWN1bHRhZGVzJTIwY29udmVuaW9zJTIwZG9jZW5jaWElMjBzZXJ2aWNpby4lMjBQYW5lbGlzdGFzJTNBJTIwWW9pc3NlJTIwVmVsYXNjbyUyQyUyMFVDQyUzQiUyME9zY2FyJTIwT3NwaW5hJTJDJTIwU2VjcmV0YXJpbyUyMGRlJTIwU2FsdWQlMjBkZSUyMFBvcGF5YW4lM0IlMjBTaWx2aWElMjBMZSVDMyVCM24lMkMlMjBIb3NwaXRhbCUyMFNhbiUyMEpvcyVDMyVBOS4lMjBNYXJpc29sJTIwQmFkaWVsJTJDJTIwSG9zcGl0YWwlMjBVbml2ZXJzaXRhcmlvJTIwZGVsJTIwVmFsbGUuJTIwS2F0dHlhJTIwQmFxdWVybyUyQyUyME1pbmlzdGVyaW8lMjBkZSUyMFNhbHVkLiUyME1vZGVyYSUzQSUyMEx1aXMlMjBDYXJsb3MlMjBPcnRpeiUyQyUyMEFzY29mYW1lLiUzQyUyRmxpJTNFJTBBJTIwJTA5JTNDbGklM0UlM0NzdHJvbmclM0UxJTNBMDAlMjBwLm0lMjAlRTIlODAlOTMlMjAxJTNBMTUlMjBwLm0lM0MlMkZzdHJvbmclM0UlQzIlQTAlN0MlMjBDb25mZXJlbmNpYSUyMGRlJTIwQ2xhdXN1cmEuJTIwUG9udGlmaWNpYSUyMFVuaXZlcnNpZGFkJTIwSmF2ZXJpYW5hJTIwQ2FsaSUzQyUyRmxpJTNFJTBBJTIwJTA5JTNDbGklM0UlM0NzdHJvbmclM0UxJTNBMjAlMjBwLm0lMjAlRTIlODAlOTMlMjAxJTNBNDAlMjBwLm0lM0MlMkZzdHJvbmclM0UlQzIlQTAlN0MlMjBQcmVtaW8lMjBhbCUyME1lam9yJTIwSW50ZXJubyUyMEFzY29mYW1lJTIwMjAyMiUzQyUyRmxpJTNFJTBBJTIwJTA5JTNDbGklM0UlM0NzdHJvbmclM0UyJTNBMDAlMjBwLm0lM0MlMkZzdHJvbmclM0UlQzIlQTAlN0MlMjBBbG11ZXJ6byUyMHBhdHJvY2luYWRvJTIwcG9yJTIwbG9zJTIwb3JnYW5pemFkb3JlcyUyMGRlbCUyMGV2ZW50byUzQyUyRmxpJTNFJTBBJTNDJTJGdWwlM0U=[\/vc_raw_html][vc_empty_space][vc_single_image image=&#8221;5237&#8243; alignment=&#8221;center&#8221; onclick=&#8221;custom_link&#8221; link=&#8221;https:\/\/beta.ascofame.org.co\/web\/foro-regional-suroccidente-sobre-educacion-medica-2022\/#1655116496600-e48e3b4a-bdb0&#8243;][vc_empty_space][\/vc_tta_section][vc_tta_section title=&#8221;Lugar del evento&#8221; tab_id=&#8221;1655116170480-6850cad5-c6d2&#8243;][vc_empty_space][vc_custom_heading text=&#8221;Lugar del evento&#8221; font_container=&#8221;tag:h2|text_align:center&#8221;][vc_column_text]El foro se llevar\u00e1 a cabo en el <a href=\"https:\/\/www.googleadservices.com\/pagead\/aclk?sa=L&amp;ai=DChcSEwi7vcapvd33AhX_BogJHUloArMYABAIGgJxbg&amp;ae=2&amp;ohost=www.google.com&amp;cid=CAESbeD2uQRX-Zi1f2sigbRgPGbeBIGWP7CbJHxv10PefLSseFfIMvWGem4-_ENNRb145FmSUlZVzrfXJiVjgzzKJKEbSb8krjj4y5gx240FVBXsYuiM_HCwHnU2lMkK3kbb8LJ4cR3Q5NvlouHErNY&amp;sig=AOD64_1IJzC9BjC1hhwpecysGtWKIOL2-w&amp;ved=2ahUKEwi8n7-pvd33AhVlSzABHWmVBQAQqyQoAHoECAYQCQ&amp;adurl=\" data-agch=\"HJ3bqe\" data-ae=\"1\" data-al=\"1\">Hotel Spiwak Chipichape<\/a> Av. 6 D 36N-18, Cali, Valle del Cauca[\/vc_column_text][vc_gmaps link=&#8221;#E-8_JTNDaWZyYW1lJTIwc3JjJTNEJTIyaHR0cHMlM0ElMkYlMkZ3d3cuZ29vZ2xlLmNvbSUyRm1hcHMlMkZlbWJlZCUzRnBiJTNEJTIxMW0xOCUyMTFtMTIlMjExbTMlMjExZDM5ODIuNDc4OTMxMTE4OTU1NiUyMTJkLTc2LjUzMTYxMzM0OTM1Mjg4JTIxM2QzLjQ3NTgyMjc5NzQ1Nzc5MSUyMTJtMyUyMTFmMCUyMTJmMCUyMTNmMCUyMTNtMiUyMTFpMTAyNCUyMTJpNzY4JTIxNGYxMy4xJTIxM20zJTIxMW0yJTIxMXMweDhlMzBhNjE5YTQyOWY1NTclMjUzQTB4M2MzMWJiMmQ3Yzg0N2I1OCUyMTJzSG90ZWwlMjUyMFNwaXdhayUyMTVlMCUyMTNtMiUyMTFzZXMlMjEyc2NvJTIxNHYxNjUyNDc5MzA0Nzk2JTIxNW0yJTIxMXNlcyUyMTJzY28lMjIlMjB3aWR0aCUzRCUyMjYwMCUyMiUyMGhlaWdodCUzRCUyMjQ1MCUyMiUyMHN0eWxlJTNEJTIyYm9yZGVyJTNBMCUzQiUyMiUyMGFsbG93ZnVsbHNjcmVlbiUzRCUyMiUyMiUyMGxvYWRpbmclM0QlMjJsYXp5JTIyJTIwcmVmZXJyZXJwb2xpY3klM0QlMjJuby1yZWZlcnJlci13aGVuLWRvd25ncmFkZSUyMiUzRSUzQyUyRmlmcmFtZSUzRQ==&#8221;][vc_empty_space][vc_btn link=&#8221;url:https%3A%2F%2Fwww.spiwak.com%2F|target:_blank&#8221;][\/vc_tta_section][vc_tta_section title=&#8221;Inscripciones&#8221; tab_id=&#8221;1655116496600-e48e3b4a-bdb0&#8243;][vc_raw_html]JTNDaWZyYW1lJTIwc3JjJTNEJTIyaHR0cHMlM0ElMkYlMkZkYXNoYm9hcmQuYXNjb2ZhbWUub3JnLmNvJTJGcmVnaXN0cm8tZm9yby1yZWdpb25hbC1zdXJvY2NpZGVudGUtMjAyMiUyMiUyMHdpZHRoJTNEJTIyMTE1MCUyMiUyMGhlaWdodCUzRCUyMjI3MDAlMjIlMjBmcmFtZWJvcmRlciUzRCUyMjAlMjIlMjBtYXJnaW53aWR0aCUzRCUyMjAlMjIlMjBtYXJnaW5oZWlnaHQlM0QlMjIwJTIyJTNFQ2FyZ2FuZG8lRTIlODAlQTYlM0MlMkZpZnJhbWUlM0U=[\/vc_raw_html][\/vc_tta_section][\/vc_tta_tour][\/vc_column][\/vc_row]<\/p>\n<\/div>","protected":false},"excerpt":{"rendered":"<p>[vc_row][vc_column][vc_single_image image=&#8221;5234&#8243; img_size=&#8221;full&#8221; alignment=&#8221;center&#8221;][vc_empty_space][vc_tta_tour][vc_tta_section title=&#8221;Sobre el evento&#8221; tab_id=&#8221;1655114194975-01885da3-00d9&#8243;][vc_custom_heading text=&#8221;Sobre el evento&#8221; font_container=&#8221;tag:h2|text_align:center&#8221;][vc_column_text]La medicina evoluciona constantemente y la educaci\u00f3n en esta importante disciplina de la salud requiere ajustarse a las nuevas realidades sociales, demogr\u00e1ficas, epidemiol\u00f3gicas y tecnol\u00f3gicas para dar respuestas efectivas a la poblaci\u00f3n. La educaci\u00f3n m\u00e9dica colombiana goza de un gran reconocimiento internacional y la Asociaci\u00f3n Colombiana de Facultades de Medicina Ascofame ha sido parte [&hellip;]<\/p>\n","protected":false},"author":3,"featured_media":0,"parent":0,"menu_order":0,"comment_status":"closed","ping_status":"closed","template":"","meta":{"episode_type":"","audio_file":"","podmotor_file_id":"","podmotor_episode_id":"","cover_image":"","cover_image_id":"","duration":"","filesize":"","filesize_raw":"","date_recorded":"","explicit":"","block":"","footnotes":""},"class_list":["post-5233","page","type-page","status-publish","hentry"],"yoast_head":"<!-- This site is optimized with the Yoast SEO plugin v26.3 - https:\/\/yoast.com\/wordpress\/plugins\/seo\/ -->\n<title>Foro Regional Sur Occidente sobre Educaci\u00f3n M\u00e9dica -<\/title>\n<meta name=\"robots\" content=\"index, follow, max-snippet:-1, max-image-preview:large, max-video-preview:-1\" \/>\n<link rel=\"canonical\" href=\"https:\/\/ascofame.org.co\/web\/foro-regional-suroccidente-sobre-educacion-medica-2022\/\" \/>\n<meta property=\"og:locale\" content=\"es_ES\" \/>\n<meta property=\"og:type\" content=\"article\" \/>\n<meta property=\"og:title\" content=\"Foro Regional Sur Occidente sobre Educaci\u00f3n M\u00e9dica -\" \/>\n<meta property=\"og:description\" content=\"[vc_row][vc_column][vc_single_image image=&#8221;5234&#8243; img_size=&#8221;full&#8221; alignment=&#8221;center&#8221;][vc_empty_space][vc_tta_tour][vc_tta_section title=&#8221;Sobre el evento&#8221; tab_id=&#8221;1655114194975-01885da3-00d9&#8243;][vc_custom_heading text=&#8221;Sobre el evento&#8221; font_container=&#8221;tag:h2|text_align:center&#8221;][vc_column_text]La medicina evoluciona constantemente y la educaci\u00f3n en esta importante disciplina de la salud requiere ajustarse a las nuevas realidades sociales, demogr\u00e1ficas, epidemiol\u00f3gicas y tecnol\u00f3gicas para dar respuestas efectivas a la poblaci\u00f3n. La educaci\u00f3n m\u00e9dica colombiana goza de un gran reconocimiento internacional y la Asociaci\u00f3n Colombiana de Facultades de Medicina Ascofame ha sido parte [&hellip;]\" \/>\n<meta property=\"og:url\" content=\"https:\/\/ascofame.org.co\/web\/foro-regional-suroccidente-sobre-educacion-medica-2022\/\" \/>\n<meta property=\"article:modified_time\" content=\"2022-06-13T10:47:37+00:00\" \/>\n<meta name=\"twitter:card\" content=\"summary_large_image\" \/>\n<meta name=\"twitter:label1\" content=\"Tiempo de lectura\" \/>\n\t<meta name=\"twitter:data1\" content=\"2 minutos\" \/>\n<script type=\"application\/ld+json\" class=\"yoast-schema-graph\">{\"@context\":\"https:\/\/schema.org\",\"@graph\":[{\"@type\":\"WebPage\",\"@id\":\"https:\/\/ascofame.org.co\/web\/foro-regional-suroccidente-sobre-educacion-medica-2022\/\",\"url\":\"https:\/\/ascofame.org.co\/web\/foro-regional-suroccidente-sobre-educacion-medica-2022\/\",\"name\":\"Foro Regional Sur Occidente sobre Educaci\u00f3n M\u00e9dica -\",\"isPartOf\":{\"@id\":\"https:\/\/ascofame.org.co\/web\/#website\"},\"datePublished\":\"2022-06-13T10:34:49+00:00\",\"dateModified\":\"2022-06-13T10:47:37+00:00\",\"breadcrumb\":{\"@id\":\"https:\/\/ascofame.org.co\/web\/foro-regional-suroccidente-sobre-educacion-medica-2022\/#breadcrumb\"},\"inLanguage\":\"es\",\"potentialAction\":[{\"@type\":\"ReadAction\",\"target\":[\"https:\/\/ascofame.org.co\/web\/foro-regional-suroccidente-sobre-educacion-medica-2022\/\"]}]},{\"@type\":\"BreadcrumbList\",\"@id\":\"https:\/\/ascofame.org.co\/web\/foro-regional-suroccidente-sobre-educacion-medica-2022\/#breadcrumb\",\"itemListElement\":[{\"@type\":\"ListItem\",\"position\":1,\"name\":\"Portada\",\"item\":\"https:\/\/ascofame.org.co\/web\/\"},{\"@type\":\"ListItem\",\"position\":2,\"name\":\"Foro Regional Sur Occidente sobre Educaci\u00f3n M\u00e9dica\"}]},{\"@type\":\"WebSite\",\"@id\":\"https:\/\/ascofame.org.co\/web\/#website\",\"url\":\"https:\/\/ascofame.org.co\/web\/\",\"name\":\"Ascofame\",\"description\":\"\",\"potentialAction\":[{\"@type\":\"SearchAction\",\"target\":{\"@type\":\"EntryPoint\",\"urlTemplate\":\"https:\/\/ascofame.org.co\/web\/?s={search_term_string}\"},\"query-input\":{\"@type\":\"PropertyValueSpecification\",\"valueRequired\":true,\"valueName\":\"search_term_string\"}}],\"inLanguage\":\"es\"}]}<\/script>\n<!-- \/ Yoast SEO plugin. -->","yoast_head_json":{"title":"Foro Regional Sur Occidente sobre Educaci\u00f3n M\u00e9dica -","robots":{"index":"index","follow":"follow","max-snippet":"max-snippet:-1","max-image-preview":"max-image-preview:large","max-video-preview":"max-video-preview:-1"},"canonical":"https:\/\/ascofame.org.co\/web\/foro-regional-suroccidente-sobre-educacion-medica-2022\/","og_locale":"es_ES","og_type":"article","og_title":"Foro Regional Sur Occidente sobre Educaci\u00f3n M\u00e9dica -","og_description":"[vc_row][vc_column][vc_single_image image=&#8221;5234&#8243; img_size=&#8221;full&#8221; alignment=&#8221;center&#8221;][vc_empty_space][vc_tta_tour][vc_tta_section title=&#8221;Sobre el evento&#8221; tab_id=&#8221;1655114194975-01885da3-00d9&#8243;][vc_custom_heading text=&#8221;Sobre el evento&#8221; font_container=&#8221;tag:h2|text_align:center&#8221;][vc_column_text]La medicina evoluciona constantemente y la educaci\u00f3n en esta importante disciplina de la salud requiere ajustarse a las nuevas realidades sociales, demogr\u00e1ficas, epidemiol\u00f3gicas y tecnol\u00f3gicas para dar respuestas efectivas a la poblaci\u00f3n. La educaci\u00f3n m\u00e9dica colombiana goza de un gran reconocimiento internacional y la Asociaci\u00f3n Colombiana de Facultades de Medicina Ascofame ha sido parte [&hellip;]","og_url":"https:\/\/ascofame.org.co\/web\/foro-regional-suroccidente-sobre-educacion-medica-2022\/","article_modified_time":"2022-06-13T10:47:37+00:00","twitter_card":"summary_large_image","twitter_misc":{"Tiempo de lectura":"2 minutos"},"schema":{"@context":"https:\/\/schema.org","@graph":[{"@type":"WebPage","@id":"https:\/\/ascofame.org.co\/web\/foro-regional-suroccidente-sobre-educacion-medica-2022\/","url":"https:\/\/ascofame.org.co\/web\/foro-regional-suroccidente-sobre-educacion-medica-2022\/","name":"Foro Regional Sur Occidente sobre Educaci\u00f3n M\u00e9dica -","isPartOf":{"@id":"https:\/\/ascofame.org.co\/web\/#website"},"datePublished":"2022-06-13T10:34:49+00:00","dateModified":"2022-06-13T10:47:37+00:00","breadcrumb":{"@id":"https:\/\/ascofame.org.co\/web\/foro-regional-suroccidente-sobre-educacion-medica-2022\/#breadcrumb"},"inLanguage":"es","potentialAction":[{"@type":"ReadAction","target":["https:\/\/ascofame.org.co\/web\/foro-regional-suroccidente-sobre-educacion-medica-2022\/"]}]},{"@type":"BreadcrumbList","@id":"https:\/\/ascofame.org.co\/web\/foro-regional-suroccidente-sobre-educacion-medica-2022\/#breadcrumb","itemListElement":[{"@type":"ListItem","position":1,"name":"Portada","item":"https:\/\/ascofame.org.co\/web\/"},{"@type":"ListItem","position":2,"name":"Foro Regional Sur Occidente sobre Educaci\u00f3n M\u00e9dica"}]},{"@type":"WebSite","@id":"https:\/\/ascofame.org.co\/web\/#website","url":"https:\/\/ascofame.org.co\/web\/","name":"Ascofame","description":"","potentialAction":[{"@type":"SearchAction","target":{"@type":"EntryPoint","urlTemplate":"https:\/\/ascofame.org.co\/web\/?s={search_term_string}"},"query-input":{"@type":"PropertyValueSpecification","valueRequired":true,"valueName":"search_term_string"}}],"inLanguage":"es"}]}},"_links":{"self":[{"href":"https:\/\/ascofame.org.co\/web\/wp-json\/wp\/v2\/pages\/5233","targetHints":{"allow":["GET"]}}],"collection":[{"href":"https:\/\/ascofame.org.co\/web\/wp-json\/wp\/v2\/pages"}],"about":[{"href":"https:\/\/ascofame.org.co\/web\/wp-json\/wp\/v2\/types\/page"}],"author":[{"embeddable":true,"href":"https:\/\/ascofame.org.co\/web\/wp-json\/wp\/v2\/users\/3"}],"replies":[{"embeddable":true,"href":"https:\/\/ascofame.org.co\/web\/wp-json\/wp\/v2\/comments?post=5233"}],"version-history":[{"count":5,"href":"https:\/\/ascofame.org.co\/web\/wp-json\/wp\/v2\/pages\/5233\/revisions"}],"predecessor-version":[{"id":5240,"href":"https:\/\/ascofame.org.co\/web\/wp-json\/wp\/v2\/pages\/5233\/revisions\/5240"}],"wp:attachment":[{"href":"https:\/\/ascofame.org.co\/web\/wp-json\/wp\/v2\/media?parent=5233"}],"curies":[{"name":"wp","href":"https:\/\/api.w.org\/{rel}","templated":true}]}}