{"id":5230,"date":"2022-06-13T09:54:32","date_gmt":"2022-06-13T09:54:32","guid":{"rendered":"https:\/\/beta.ascofame.org.co\/?page_id=5230"},"modified":"2025-01-20T10:01:09","modified_gmt":"2025-01-20T15:01:09","slug":"foro-regional-oriente-sobre-educacion-medica-2022","status":"publish","type":"page","link":"https:\/\/ascofame.org.co\/web\/foro-regional-oriente-sobre-educacion-medica-2022\/","title":{"rendered":"Foro Regional Oriente sobre Educaci\u00f3n M\u00e9dica"},"content":{"rendered":"<div class=\"nolwrap\"><p>[vc_row][vc_column][vc_single_image image=&#8221;5231&#8243; img_size=&#8221;full&#8221; alignment=&#8221;center&#8221;][vc_tta_tour][vc_tta_section title=&#8221;Sobre el evento&#8221; tab_id=&#8221;1655113002860-49aa5fe1-5c6d&#8221;][vc_custom_heading text=&#8221;Sobre el evento&#8221; font_container=&#8221;tag:h2|text_align:center&#8221;][vc_column_text]<\/p>\n<h3><\/h3>\n<p>La medicina evoluciona constantemente y la educaci\u00f3n en esta importante disciplina de la salud requiere ajustarse a las nuevas realidades sociales, demogr\u00e1ficas, epidemiol\u00f3gicas y tecnol\u00f3gicas para dar respuestas efectivas a la poblaci\u00f3n. La educaci\u00f3n m\u00e9dica colombiana goza de un gran reconocimiento internacional y la Asociaci\u00f3n Colombiana de Facultades de Medicina Ascofame ha sido parte esencial de su desarrollo en las \u00faltimas seis d\u00e9cadas.<\/p>\n<p>En los a\u00f1os recientes Ascofame ha promovido y liderado una serie de actividades para fortalecer la calidad y la pertinencia de la formaci\u00f3n m\u00e9dica, mediante ejercicios de construcci\u00f3n colectiva concertados con los programas de medicina, asociados y no asociados, y por primera vez, trabajando en uni\u00f3n con los ministerios de salud y protecci\u00f3n social, educaci\u00f3n, ASCUN y Sociedades Cient\u00edficas. Ascofame continuar\u00e1 promoviendo la participaci\u00f3n de las facultades de medicina en la implementaci\u00f3n y puesta en marcha de estas propuestas, a partir de foros regionales de socializaci\u00f3n de las recomendaciones estructuradas por el Consejo General de Educaci\u00f3n M\u00e9dica y sus salas de pregrado, posgrado y desarrollo profesional permanente.<\/p>\n<p>&nbsp;<\/p>\n<p><b>LINEAS TEM\u00c1TICAS<\/b><\/p>\n<p>&nbsp;<\/p>\n<p>[\/vc_column_text][vc_raw_html]JTNDb2wlM0UlMEElMjAlMDklM0NsaSUzRUltcGxlbWVudGFjaSVDMyVCM24lMjByZWNvbWVuZGFjaW9uZXMlMjBwcmVncmFkbyUyMENHRU0lM0MlMkZsaSUzRSUwQSUyMCUwOSUzQ2xpJTNFUmV0b3MlMjByZWdpb25hbGVzJTIwcGFyYSUyMGxhJTIwZm9ybWFjaSVDMyVCM24lMjBtJUMzJUE5ZGljYSUzQyUyRmxpJTNFJTBBJTIwJTA5JTNDbGklM0VDYWxpZGFkJTIwZGUlMjBsYSUyMGVkdWNhY2klQzMlQjNuJTIwbSVDMyVBOWRpY2ElMjBlbiUyMHBvc2dyYWRvJTIweSUyMERQUCUzQyUyRmxpJTNFJTBBJTNDJTJGb2wlM0U=[\/vc_raw_html][\/vc_tta_section][vc_tta_section title=&#8221;Agenda acad\u00e9mica&#8221; tab_id=&#8221;1655113002878-034333c8-f237&#8243;][vc_custom_heading text=&#8221;Agenda acad\u00e9mica&#8221; font_container=&#8221;tag:h2|text_align:center&#8221;][vc_raw_html]JTNDdWwlM0UlMEElMjAlMDklM0NsaSUzRSUzQ3N0cm9uZyUzRTglM0EzMCUyMCVFMiU4MCU5MyUyMDklM0EwMCUyMGEubSUzQyUyRnN0cm9uZyUzRSVDMiVBMCUyMCVDMiVBMCUyMEluc2NyaXBjaW9uZXMlMjB5JTIwcmVnaXN0cm8lM0MlMkZsaSUzRSUwQSUyMCUwOSUzQ2xpJTNFJTNDc3Ryb25nJTNFOSUzQTAwJTIwJUUyJTgwJTkzJTIwOSUzQTE1JTIwYS5tJTNDJTJGc3Ryb25nJTNFJUMyJUEwJTIwJUMyJUEwJTIwQXBlcnR1cmElMjBkZWwlMjBldmVudG8lMjAlRTIlODAlOTMlMjBEci4lMjAlQzMlODFsdmFybyUyMFJvbWVybyUyQyUyMFByZXNpZGVudGUlMjBKdW50YSUyMERpcmVjdGl2YSUyMEFzY29mYW1lLiUyMCUyRiUyMEx1aXMlMjBDYXJsb3MlMjBPcnRpeiUyQyUyMERpcmVjdG9yJTIwZWplY3V0aXZvJTIwQXNjb2ZhbWUlM0MlMkZsaSUzRSUwQSUyMCUwOSUzQ2xpJTNFJTNDc3Ryb25nJTNFOSUzQTE1JTIwJUUyJTgwJTkzJTIwOSUzQTMwJTIwYS5tJTNDJTJGc3Ryb25nJTNFJUMyJUEwJTIwJUMyJUEwQ29udGV4dG8lMjBkZSUyMGxhcyUyMHJlY29tZW5kYWNpb25lcyUyMGRlJTIwUHJlZ3JhZG8lMjBkZWwlMjBDR0VNJTIweSUyMGVsJTIwcmVsYWNpb25hbWllbnRvJTIwZGUlMjBsYXMlMjBJRVMlMjBjb24lMjBsb3MlMjBFc2NlbmFyaW9zJTIwZGUlMjBQciVDMyVBMWN0aWNhLiUyMERyYS4lMjBMaW5hJTIwTWFyJUMzJUFEYSUyMFZlcmElMkMlMjBVbml2ZXJzaWRhZCUyMEluZHVzdHJpYWwlMjBkZSUyMFNhbnRhbmRlci4lM0MlMkZsaSUzRSUwQSUyMCUwOSUzQ2xpJTNFJTNDc3Ryb25nJTNFOSUzQTMwJTIwJUUyJTgwJTkzJTIwOSUzQTQ1JTIwYS5tJTNDJTJGc3Ryb25nJTNFJUMyJUEwJTIwJUMyJUEwQXZhbmNlcyUyMHklMjBkZXNhZiVDMyVBRG9zJTIwcGFyYSUyMGxhJTIwaW1wbGVtZW50YWNpJUMzJUIzbiUyMGRlJTIwbGFzJTIwcmVjb21lbmRhY2lvbmVzJTIwZGVsJTIwQ0dFTSUyMFNhbGElMjBkZSUyMFByZWdyYWRvJTIwZW4lMjBsYSUyMEVzY3VlbGElMjBkZSUyME1lZGljaW5hJTIwVURFUy4lMjAlRTIlODAlOTMlMjBEci4lMjBSZWltdW5kbyUyMGRlJTIwSmVzJUMzJUJBcyUyMExsYW5lcyUyMFBlbGVnciVDMyVBRG4lMkMlMjBVbml2ZXJzaWRhZCUyMGRlJTIwU2FudGFuZGVyLiUzQyUyRmxpJTNFJTBBJTIwJTA5JTNDbGklM0UlM0NzdHJvbmclM0U5JTNBNDUlMjAlRTIlODAlOTMlMjAxMCUzQTAwJTIwYS5tJTNDJTJGc3Ryb25nJTNFJUMyJUEwJUMyJUFCSW1wbGVtZW50YWNpJUMzJUIzbiUyMGRlJTIwbGFzJTIwcmVjb21lbmRhY2lvbmVzJTIwZGVsJTIwQ0dFTSUyMFNhbGElMjBkZSUyMFByZWdyYWRvJTIwZW4lMjBGYWN1bHRhZCUyMGRlJTIwTWVkaWNpbmElMjBVTkFCJTNCJTIwZm9ydGFsZXphcyUyMHklMjBsZWNjaW9uZXMlMjBhcHJlbmRpZGFzJUMyJUJCLiUyMERyYS4lMjBFbGdhJTIwSm9oYW5hJTIwQ2hpbm9tZSUyME11cmlsbG8lMkMlMjBVbml2ZXJzaWRhZCUyMEF1dCVDMyVCM25vbWElMjBkZSUyMEJ1Y2FyYW1hbmdhJTNDJTJGbGklM0UlMEElMjAlMDklM0NsaSUzRSUzQ3N0cm9uZyUzRTEwJTNBMDAlMjAlRTIlODAlOTMlMjAxMCUzQTE1JTIwYS5tJTNDJTJGc3Ryb25nJTNFJUMyJUEwSW1wbGVtZW50YWNpJUMzJUIzbiUyMGRlJTIwcmVjb21lbmRhY2lvbmVzJTIwZGVsJTIwQ0dFTSUzQiUyMCVDMiVCRkMlQzMlQjNtbyUyMHZhbW9zJTNGJTIwJUUyJTgwJTkzJTIwRHJhLiUyME9sZ2ElMjBNZXJjZWRlcyUyMCVDMyU4MWx2YXJleiUyQyUyMFVuaXZlcnNpZGFkJTIwSW5kdXN0cmlhbCUyMGRlJTIwU2FudGFuZGVyJTNDJTJGbGklM0UlMEElMjAlMDklM0NsaSUzRSUzQ3N0cm9uZyUzRTEwJTNBMTUlMjAlRTIlODAlOTMlMjAxMCUzQTMwJTIwYS5tJTNDJTJGc3Ryb25nJTNFJUMyJUEwUGVyc3BlY3RpdmFzJTIwZGUlMjBsb3MlMjBlc3R1ZGlhbnRlcyUyMGRlJTIwTWVkaWNpbmElMjBVSVMlMjBzb2JyZSUyMHN1JTIwcHJvY2VzbyUyMGRlJTIwZm9ybWFjaSVDMyVCM24lMjBlbiUyMGRhciUyMG1hbGFzJTIwbm90aWNpYXMlM0ElMjBVbiUyMGVzdHVkaW8lMjBtaXh0byUyMHRyYXN2ZXJzYWwuJTIwRHIuJTIwTHVpcyUyMEFsZm9uc28lMjBEaWF6JTIwTWFydCVDMyVBRG5leiUzQyUyRmxpJTNFJTBBJTIwJTA5JTNDbGklM0UlM0NzdHJvbmclM0UxMCUzQTMwJTIwJUUyJTgwJTkzJTIwMTAlM0E0NSUyMGEubSUzQyUyRnN0cm9uZyUzRSVDMiVBME1vZGVsbyUyMGRlJTIwZXZhbHVhY2klQzMlQjNuJTIwZGUlMjBlc2NlbmFyaW9zJTIwZGUlMjBkb2NlbmNpYSUyMHNlcnZpY2lvJTIwJUUyJTgwJTkzJTIwRHJhLiUyMEthdHR5YSUyME1hcmdhcml0YSUyMEJhcXVlcm8lMkMlMjBNaW5pc3RlcmlvJTIwZGUlMjBTYWx1ZCUyMHklMjBQcm90ZWNjaSVDMyVCM24lMjBTb2NpYWwlM0MlMkZsaSUzRSUwQSUyMCUwOSUzQ2xpJTNFJTNDc3Ryb25nJTNFMTAlM0E0NSUyMCVFMiU4MCU5MyUyMDExJTNBMDAlMjBhLm0lM0MlMkZzdHJvbmclM0UlQzIlQTBFeHBlcmllbmNpYSUyMFVuaXZlcnNpZGFkJTIwZGUlMjBsYSUyMFNhYmFuYSUyMGZyZW50ZSUyMGElMjBsYXMlMjByZWNvbWVuZGFjaW9uZXMlMjBkZWwlMjBDR0VNJTNCJTIwJUMyJUJGQyVDMyVCM21vJTIwbG8lMjBlc3RhbW9zJTIwbG9ncmFuZG8lM0YlMjAlRTIlODAlOTMlMjBEci4lMjAlQzMlODFsdmFybyUyMFJvbWVybyUyMFRhcGlhJTJDJTIwVW5pdmVyc2lkYWQlMjBkZSUyMGxhJTIwU2FiYW5hJTIwQm9nb3QlQzMlQTElM0MlMkZsaSUzRSUwQSUyMCUwOSUzQ2xpJTNFJTNDc3Ryb25nJTNFMTElM0EwMCUyMCVFMiU4MCU5MyUyMDExJTNBMzAlMjBhLm0lM0MlMkZzdHJvbmclM0UlQzIlQTBDYWYlQzMlQTklM0MlMkZsaSUzRSUwQSUyMCUwOSUzQ2xpJTNFJTNDc3Ryb25nJTNFMTElM0EzMCUyMGEubSUyMCVFMiU4MCU5MyUyMDEyJTNBMzAlMjBwLm0lM0MlMkZzdHJvbmclM0UlQzIlQTBQYW5lbCUyMGRlJTIwRGlzY3VzaSVDMyVCM24lM0ElMjAlRTIlODAlOUNTaXRpb3MlMjBkZSUyMFByJUMzJUExY3RpY2ElRTIlODAlOUQlM0MlMkZsaSUzRSUwQSUyMCUwOSUzQ2xpJTNFJTNDc3Ryb25nJTNFMTIlM0EzMCUyMHAubSVDMiVBMCUzQyUyRnN0cm9uZyUzRUNvbmNsdXNpb25lcyUyMHklMjBDaWVycmUlMjAlRTIlODAlOTMlMjBEcmEuJTIwTGF1cmElMjBDYWRlbmElMjBBZmFuYWRvciUyQyUyMERlY2FuYSUyMEZhY3VsdGFkJTIwZGUlMjBDaWVuY2lhcyUyMGRlJTIwbGElMjBTYWx1ZCUyMFVuaXZlcnNpZGFkJTIwQXV0JUMzJUIzbm9tYSUyMGRlJTIwQnVjYXJhbWFuZ2ElM0MlMkZsaSUzRSUwQSUyMCUwOSUzQ2xpJTNFJTNDc3Ryb25nJTNFMTIlM0E0NSUyMCVFMiU4MCU5MyVDMiVBMCUzQyUyRnN0cm9uZyUzRUFsbXVlcnpvJTIwY29ydGVzJUMzJUFEYSUyMGRlJTIwbG9zJTIwb3JnYW5pemFkb3Jlcy4lM0MlMkZsaSUzRSUwQSUzQyUyRnVsJTNF[\/vc_raw_html][\/vc_tta_section][vc_tta_section title=&#8221;Conferencistas&#8221; tab_id=&#8221;1655113389940-353e686d-7a14&#8243;][vc_custom_heading text=&#8221;Post\u00falese como conferencista&#8221; font_container=&#8221;tag:h3|text_align:center&#8221;][vc_raw_html]JTNDaWZyYW1lJTIwc3JjJTNEJTIyaHR0cHMlM0ElMkYlMkZkb2NzLmdvb2dsZS5jb20lMkZmb3JtcyUyRmQlMkZlJTJGMUZBSXBRTFNmMkZwMFJUVlJCRjlhX21ncXlZNGxEb0JXWjduSE1XUFk2VVd2Q2FnNVdFRW4zMHclMkZ2aWV3Zm9ybSUzRmVtYmVkZGVkJTNEdHJ1ZSUyMiUyMHdpZHRoJTNEJTIyNjQwJTIyJTIwaGVpZ2h0JTNEJTIyMjIwMCUyMiUyMGZyYW1lYm9yZGVyJTNEJTIyMCUyMiUyMG1hcmdpbndpZHRoJTNEJTIyMCUyMiUyMG1hcmdpbmhlaWdodCUzRCUyMjAlMjIlM0VDYXJnYW5kbyVFMiU4MCVBNiUzQyUyRmlmcmFtZSUzRQ==[\/vc_raw_html][\/vc_tta_section][vc_tta_section title=&#8221;Lugar del evento&#8221; tab_id=&#8221;1655113541381-adb6cdfd-1dbc&#8221;][vc_custom_heading text=&#8221;LUGAR DEL EVENTO&#8221; font_container=&#8221;tag:h2|text_align:center&#8221;][vc_column_text]El foro se llevar\u00e1 a cabo en el Hotel Chicamocha\u00a0Cll 34 No. 31-24, Bucaramanga[\/vc_column_text][vc_gmaps link=&#8221;#E-8_JTNDaWZyYW1lJTIwc3JjJTNEJTIyaHR0cHMlM0ElMkYlMkZ3d3cuZ29vZ2xlLmNvbSUyRm1hcHMlMkZlbWJlZCUzRnBiJTNEJTIxMW0xOCUyMTFtMTIlMjExbTMlMjExZDM5NTkuMDExNzA4NjYwMTI4NSUyMTJkLTczLjExNjAzNDE4NDgwODA0JTIxM2Q3LjEyNDYzOTIxNzg1ODM5NCUyMTJtMyUyMTFmMCUyMTJmMCUyMTNmMCUyMTNtMiUyMTFpMTAyNCUyMTJpNzY4JTIxNGYxMy4xJTIxM20zJTIxMW0yJTIxMXMweDhlNjgxNTgzMDVmMDk4YTklMjUzQTB4MzZmOWM4ZTIxZGJkODEzOSUyMTJzSG90ZWwlMjUyMENoaWNhbW9jaGElMjUyMEJ1Y2FyYW1hbmdhJTIxNWUwJTIxM20yJTIxMXNlcyUyMTJzY28lMjE0djE2NDkwOTgyMDMyMTMlMjE1bTIlMjExc2VzJTIxMnNjbyUyMiUyMHdpZHRoJTNEJTIyNjAwJTIyJTIwaGVpZ2h0JTNEJTIyNDUwJTIyJTIwc3R5bGUlM0QlMjJib3JkZXIlM0EwJTNCJTIyJTIwYWxsb3dmdWxsc2NyZWVuJTNEJTIyJTIyJTIwbG9hZGluZyUzRCUyMmxhenklMjIlMjByZWZlcnJlcnBvbGljeSUzRCUyMm5vLXJlZmVycmVyLXdoZW4tZG93bmdyYWRlJTIyJTNFJTNDJTJGaWZyYW1lJTNF&#8221; title=&#8221;Evento foro oriente 2022&#8243;][vc_empty_space][vc_btn title=&#8221;Saber m\u00e1s de este Hotel &gt;&gt;&#8221; link=&#8221;url:https%3A%2F%2Fwww.hotelchicamocha.com%2F|target:_blank&#8221;][\/vc_tta_section][vc_tta_section title=&#8221;Inscripciones&#8221; tab_id=&#8221;1655113907369-163edbda-3515&#8243;][vc_raw_html]JTNDaWZyYW1lJTIwc3JjJTNEJTIyaHR0cHMlM0ElMkYlMkZkYXNoYm9hcmQuYXNjb2ZhbWUub3JnLmNvJTJGcmVnaXN0cm8tZm9yby1yZWdpb25hbC1vcmllbnRlLTIwMjIlMjIlMjB3aWR0aCUzRCUyMjExNTAlMjIlMjBoZWlnaHQlM0QlMjIyNzAwJTIyJTIwZnJhbWVib3JkZXIlM0QlMjIwJTIyJTIwbWFyZ2lud2lkdGglM0QlMjIwJTIyJTIwbWFyZ2luaGVpZ2h0JTNEJTIyMCUyMiUzRUNhcmdhbmRvJUUyJTgwJUE2JTNDJTJGaWZyYW1lJTNF[\/vc_raw_html][\/vc_tta_section][\/vc_tta_tour][\/vc_column][\/vc_row]<\/p>\n<\/div>","protected":false},"excerpt":{"rendered":"<p>[vc_row][vc_column][vc_single_image image=&#8221;5231&#8243; img_size=&#8221;full&#8221; alignment=&#8221;center&#8221;][vc_tta_tour][vc_tta_section title=&#8221;Sobre el evento&#8221; tab_id=&#8221;1655113002860-49aa5fe1-5c6d&#8221;][vc_custom_heading text=&#8221;Sobre el evento&#8221; font_container=&#8221;tag:h2|text_align:center&#8221;][vc_column_text] La medicina evoluciona constantemente y la educaci\u00f3n en esta importante disciplina de la salud requiere ajustarse a las nuevas realidades sociales, demogr\u00e1ficas, epidemiol\u00f3gicas y tecnol\u00f3gicas para dar respuestas efectivas a la poblaci\u00f3n. La educaci\u00f3n m\u00e9dica colombiana goza de un gran reconocimiento internacional y la Asociaci\u00f3n Colombiana de Facultades de Medicina Ascofame ha sido [&hellip;]<\/p>\n","protected":false},"author":3,"featured_media":0,"parent":0,"menu_order":0,"comment_status":"closed","ping_status":"closed","template":"","meta":{"episode_type":"","audio_file":"","podmotor_file_id":"","podmotor_episode_id":"","cover_image":"","cover_image_id":"","duration":"","filesize":"","filesize_raw":"","date_recorded":"","explicit":"","block":"","footnotes":""},"class_list":["post-5230","page","type-page","status-publish","hentry"],"yoast_head":"<!-- This site is optimized with the Yoast SEO plugin v26.3 - https:\/\/yoast.com\/wordpress\/plugins\/seo\/ -->\n<title>Foro Regional Oriente sobre Educaci\u00f3n M\u00e9dica -<\/title>\n<meta name=\"robots\" content=\"index, follow, max-snippet:-1, max-image-preview:large, max-video-preview:-1\" \/>\n<link rel=\"canonical\" href=\"https:\/\/ascofame.org.co\/web\/foro-regional-oriente-sobre-educacion-medica-2022\/\" \/>\n<meta property=\"og:locale\" content=\"es_ES\" \/>\n<meta property=\"og:type\" content=\"article\" \/>\n<meta property=\"og:title\" content=\"Foro Regional Oriente sobre Educaci\u00f3n M\u00e9dica -\" \/>\n<meta property=\"og:description\" content=\"[vc_row][vc_column][vc_single_image image=&#8221;5231&#8243; img_size=&#8221;full&#8221; alignment=&#8221;center&#8221;][vc_tta_tour][vc_tta_section title=&#8221;Sobre el evento&#8221; tab_id=&#8221;1655113002860-49aa5fe1-5c6d&#8221;][vc_custom_heading text=&#8221;Sobre el evento&#8221; font_container=&#8221;tag:h2|text_align:center&#8221;][vc_column_text] La medicina evoluciona constantemente y la educaci\u00f3n en esta importante disciplina de la salud requiere ajustarse a las nuevas realidades sociales, demogr\u00e1ficas, epidemiol\u00f3gicas y tecnol\u00f3gicas para dar respuestas efectivas a la poblaci\u00f3n. La educaci\u00f3n m\u00e9dica colombiana goza de un gran reconocimiento internacional y la Asociaci\u00f3n Colombiana de Facultades de Medicina Ascofame ha sido [&hellip;]\" \/>\n<meta property=\"og:url\" content=\"https:\/\/ascofame.org.co\/web\/foro-regional-oriente-sobre-educacion-medica-2022\/\" \/>\n<meta property=\"article:modified_time\" content=\"2025-01-20T15:01:09+00:00\" \/>\n<meta name=\"twitter:card\" content=\"summary_large_image\" \/>\n<meta name=\"twitter:label1\" content=\"Tiempo de lectura\" \/>\n\t<meta name=\"twitter:data1\" content=\"2 minutos\" \/>\n<script type=\"application\/ld+json\" class=\"yoast-schema-graph\">{\"@context\":\"https:\/\/schema.org\",\"@graph\":[{\"@type\":\"WebPage\",\"@id\":\"https:\/\/ascofame.org.co\/web\/foro-regional-oriente-sobre-educacion-medica-2022\/\",\"url\":\"https:\/\/ascofame.org.co\/web\/foro-regional-oriente-sobre-educacion-medica-2022\/\",\"name\":\"Foro Regional Oriente sobre Educaci\u00f3n M\u00e9dica -\",\"isPartOf\":{\"@id\":\"https:\/\/ascofame.org.co\/web\/#website\"},\"datePublished\":\"2022-06-13T09:54:32+00:00\",\"dateModified\":\"2025-01-20T15:01:09+00:00\",\"breadcrumb\":{\"@id\":\"https:\/\/ascofame.org.co\/web\/foro-regional-oriente-sobre-educacion-medica-2022\/#breadcrumb\"},\"inLanguage\":\"es\",\"potentialAction\":[{\"@type\":\"ReadAction\",\"target\":[\"https:\/\/ascofame.org.co\/web\/foro-regional-oriente-sobre-educacion-medica-2022\/\"]}]},{\"@type\":\"BreadcrumbList\",\"@id\":\"https:\/\/ascofame.org.co\/web\/foro-regional-oriente-sobre-educacion-medica-2022\/#breadcrumb\",\"itemListElement\":[{\"@type\":\"ListItem\",\"position\":1,\"name\":\"Portada\",\"item\":\"https:\/\/ascofame.org.co\/web\/\"},{\"@type\":\"ListItem\",\"position\":2,\"name\":\"Foro Regional Oriente sobre Educaci\u00f3n M\u00e9dica\"}]},{\"@type\":\"WebSite\",\"@id\":\"https:\/\/ascofame.org.co\/web\/#website\",\"url\":\"https:\/\/ascofame.org.co\/web\/\",\"name\":\"Ascofame\",\"description\":\"\",\"potentialAction\":[{\"@type\":\"SearchAction\",\"target\":{\"@type\":\"EntryPoint\",\"urlTemplate\":\"https:\/\/ascofame.org.co\/web\/?s={search_term_string}\"},\"query-input\":{\"@type\":\"PropertyValueSpecification\",\"valueRequired\":true,\"valueName\":\"search_term_string\"}}],\"inLanguage\":\"es\"}]}<\/script>\n<!-- \/ Yoast SEO plugin. -->","yoast_head_json":{"title":"Foro Regional Oriente sobre Educaci\u00f3n M\u00e9dica -","robots":{"index":"index","follow":"follow","max-snippet":"max-snippet:-1","max-image-preview":"max-image-preview:large","max-video-preview":"max-video-preview:-1"},"canonical":"https:\/\/ascofame.org.co\/web\/foro-regional-oriente-sobre-educacion-medica-2022\/","og_locale":"es_ES","og_type":"article","og_title":"Foro Regional Oriente sobre Educaci\u00f3n M\u00e9dica -","og_description":"[vc_row][vc_column][vc_single_image image=&#8221;5231&#8243; img_size=&#8221;full&#8221; alignment=&#8221;center&#8221;][vc_tta_tour][vc_tta_section title=&#8221;Sobre el evento&#8221; tab_id=&#8221;1655113002860-49aa5fe1-5c6d&#8221;][vc_custom_heading text=&#8221;Sobre el evento&#8221; font_container=&#8221;tag:h2|text_align:center&#8221;][vc_column_text] La medicina evoluciona constantemente y la educaci\u00f3n en esta importante disciplina de la salud requiere ajustarse a las nuevas realidades sociales, demogr\u00e1ficas, epidemiol\u00f3gicas y tecnol\u00f3gicas para dar respuestas efectivas a la poblaci\u00f3n. La educaci\u00f3n m\u00e9dica colombiana goza de un gran reconocimiento internacional y la Asociaci\u00f3n Colombiana de Facultades de Medicina Ascofame ha sido [&hellip;]","og_url":"https:\/\/ascofame.org.co\/web\/foro-regional-oriente-sobre-educacion-medica-2022\/","article_modified_time":"2025-01-20T15:01:09+00:00","twitter_card":"summary_large_image","twitter_misc":{"Tiempo de lectura":"2 minutos"},"schema":{"@context":"https:\/\/schema.org","@graph":[{"@type":"WebPage","@id":"https:\/\/ascofame.org.co\/web\/foro-regional-oriente-sobre-educacion-medica-2022\/","url":"https:\/\/ascofame.org.co\/web\/foro-regional-oriente-sobre-educacion-medica-2022\/","name":"Foro Regional Oriente sobre Educaci\u00f3n M\u00e9dica -","isPartOf":{"@id":"https:\/\/ascofame.org.co\/web\/#website"},"datePublished":"2022-06-13T09:54:32+00:00","dateModified":"2025-01-20T15:01:09+00:00","breadcrumb":{"@id":"https:\/\/ascofame.org.co\/web\/foro-regional-oriente-sobre-educacion-medica-2022\/#breadcrumb"},"inLanguage":"es","potentialAction":[{"@type":"ReadAction","target":["https:\/\/ascofame.org.co\/web\/foro-regional-oriente-sobre-educacion-medica-2022\/"]}]},{"@type":"BreadcrumbList","@id":"https:\/\/ascofame.org.co\/web\/foro-regional-oriente-sobre-educacion-medica-2022\/#breadcrumb","itemListElement":[{"@type":"ListItem","position":1,"name":"Portada","item":"https:\/\/ascofame.org.co\/web\/"},{"@type":"ListItem","position":2,"name":"Foro Regional Oriente sobre Educaci\u00f3n M\u00e9dica"}]},{"@type":"WebSite","@id":"https:\/\/ascofame.org.co\/web\/#website","url":"https:\/\/ascofame.org.co\/web\/","name":"Ascofame","description":"","potentialAction":[{"@type":"SearchAction","target":{"@type":"EntryPoint","urlTemplate":"https:\/\/ascofame.org.co\/web\/?s={search_term_string}"},"query-input":{"@type":"PropertyValueSpecification","valueRequired":true,"valueName":"search_term_string"}}],"inLanguage":"es"}]}},"_links":{"self":[{"href":"https:\/\/ascofame.org.co\/web\/wp-json\/wp\/v2\/pages\/5230","targetHints":{"allow":["GET"]}}],"collection":[{"href":"https:\/\/ascofame.org.co\/web\/wp-json\/wp\/v2\/pages"}],"about":[{"href":"https:\/\/ascofame.org.co\/web\/wp-json\/wp\/v2\/types\/page"}],"author":[{"embeddable":true,"href":"https:\/\/ascofame.org.co\/web\/wp-json\/wp\/v2\/users\/3"}],"replies":[{"embeddable":true,"href":"https:\/\/ascofame.org.co\/web\/wp-json\/wp\/v2\/comments?post=5230"}],"version-history":[{"count":6,"href":"https:\/\/ascofame.org.co\/web\/wp-json\/wp\/v2\/pages\/5230\/revisions"}],"predecessor-version":[{"id":7628,"href":"https:\/\/ascofame.org.co\/web\/wp-json\/wp\/v2\/pages\/5230\/revisions\/7628"}],"wp:attachment":[{"href":"https:\/\/ascofame.org.co\/web\/wp-json\/wp\/v2\/media?parent=5230"}],"curies":[{"name":"wp","href":"https:\/\/api.w.org\/{rel}","templated":true}]}}