{"id":2579,"date":"2021-03-23T17:39:53","date_gmt":"2021-03-23T17:39:53","guid":{"rendered":"https:\/\/beta.ascofame.org.co\/?page_id=2579"},"modified":"2021-06-01T19:49:56","modified_gmt":"2021-06-01T19:49:56","slug":"curso-taller-en-busqueda-y-recuperacion-de-informacion-cientifica-en-salud","status":"publish","type":"page","link":"https:\/\/ascofame.org.co\/web\/desarrollo-profesional\/oferta-educativa\/curso-taller-en-busqueda-y-recuperacion-de-informacion-cientifica-en-salud\/","title":{"rendered":"Curso \u2013 Taller en B\u00fasqueda y Recuperaci\u00f3n de Informaci\u00f3n Cient\u00edfica en Salud"},"content":{"rendered":"<div class=\"nolwrap\"><p>[vc_row css=&#8221;.vc_custom_1622239660957{background-color: #f19d38 !important;}&#8221;][vc_column width=&#8221;1\/2&#8243; css=&#8221;.vc_custom_1622239372216{padding-bottom: 20px !important;background-color: #e5e5e5 !important;}&#8221;][vc_column_text]<\/p>\n<h2><\/h2>\n<p style=\"padding-left: 40px;\"><img loading=\"lazy\" decoding=\"async\" class=\"alignnone wp-image-3110 \" src=\"\/wp-content\/uploads\/2021\/04\/reloj-300x300.png\" alt=\"\" width=\"19\" height=\"19\" srcset=\"https:\/\/ascofame.org.co\/web\/wp-content\/uploads\/2021\/04\/reloj-300x300.png 300w, https:\/\/ascofame.org.co\/web\/wp-content\/uploads\/2021\/04\/reloj-150x150.png 150w, https:\/\/ascofame.org.co\/web\/wp-content\/uploads\/2021\/04\/reloj-100x100.png 100w, https:\/\/ascofame.org.co\/web\/wp-content\/uploads\/2021\/04\/reloj.png 512w\" sizes=\"auto, (max-width: 19px) 100vw, 19px\" \/>\u00a0 <strong><span style=\"color: #ff6600;\">8 <\/span><\/strong>horas &#8211; <strong><span style=\"color: #ff6600;\">4<\/span><\/strong> m\u00f3dulos<\/p>\n<p style=\"padding-left: 40px;\"><img loading=\"lazy\" decoding=\"async\" class=\"alignnone wp-image-3108 \" src=\"\/wp-content\/uploads\/2021\/04\/creditos-1.png\" alt=\"\" width=\"23\" height=\"23\" \/>\u00a0 <strong><span style=\"color: #ff6600;\">24<\/span><\/strong>\u00a0cr\u00e9ditos de EDUCONASCOFAME (Programa de Desarrollo Profesional Permanente)<\/p>\n<p>[\/vc_column_text][\/vc_column][vc_column width=&#8221;1\/2&#8243; css=&#8221;.vc_custom_1622239513771{padding-bottom: 20px !important;background-color: #e5e5e5 !important;}&#8221;][vc_column_text]<\/p>\n<h2><\/h2>\n<p><img loading=\"lazy\" decoding=\"async\" class=\"alignnone wp-image-3113\" src=\"\/wp-content\/uploads\/2021\/04\/inversion.png\" alt=\"\" width=\"20\" height=\"20\" \/>\u00a0\u00a0<strong>COP $+IVA<\/strong><\/p>\n<p><img loading=\"lazy\" decoding=\"async\" class=\"alignnone wp-image-3112\" src=\"\/wp-content\/uploads\/2021\/04\/descuento.png\" alt=\"\" width=\"20\" height=\"20\" \/>\u00a0 Pol\u00edticas de descuento:<\/p>\n<p><span style=\"color: #ff6600;\"><strong>5%<\/strong><\/span> para grupos mayores de doce personas.[\/vc_column_text][\/vc_column][\/vc_row][vc_row css=&#8221;.vc_custom_1622511491023{padding-top: 10px !important;padding-bottom: 20px !important;}&#8221;][vc_column][vc_column_text]<\/p>\n<h4><span style=\"color: #ff9900;\"><strong>Presentaci\u00f3n Curso<\/strong><\/span><\/h4>\n<p>La b\u00fasqueda y recuperaci\u00f3n de informaci\u00f3n es un proceso sistem\u00e1tico de evaluaci\u00f3n de las fuentes de informaci\u00f3n, evaluando su validez, resultados y relevancia, antes de utilizar la informaci\u00f3n en la toma de decisiones.<\/p>\n<p>Es creciente la importancia que se concede en el marco del aprendizaje significativo al desarrollo de habilidades en el an\u00e1lisis y b\u00fasqueda de la informaci\u00f3n, para formar profesionales m\u00e1s integrales, mejor informados y m\u00e1s competentes. Esto implica, como es l\u00f3gico, un mejor manejo de los datos, informaci\u00f3n y conocimiento disponible, investigaciones m\u00e1s s\u00f3lidas, decisiones m\u00e1s acertadas, entre otros beneficios que redundan a escala de toda la sociedad.<\/p>\n<p>Entre tanto, cuando los profesionales de la salud realizan una b\u00fasqueda de informaci\u00f3n, encuentran dificultades para acceder en forma efectiva y eficaz a ella, debido al todav\u00eda incipiente desarrollo de las habilidades y competencias que poseen y que se requieren para la b\u00fasqueda, localizaci\u00f3n, selecci\u00f3n y evaluaci\u00f3n de la informaci\u00f3n pertinente para resolver su necesidad con el uso de las tecnolog\u00edas de la informaci\u00f3n y la comunicaci\u00f3n.<\/p>\n<p>Desarrollar habilidades en la b\u00fasqueda y recuperaci\u00f3n de informaci\u00f3n cient\u00edfica en internet y bases de datos permite cerrar la brecha entre la investigaci\u00f3n y la pr\u00e1ctica profesional en aras de utilizar la literatura, con la mejor evidencia disponible, en la aplicaci\u00f3n de conocimientos nuevos en el desempe\u00f1o profesional y asegurando la efectividad de las intervenciones o proyectos que se desarrollen.<\/p>\n<p>Se necesita entonces que todo profesional de la salud adquiera y desarrolle habilidades, competencias y conocimientos que le permitan solucionar problemas y tomar decisiones basadas en la mejor evidencia disponible[\/vc_column_text][\/vc_column][\/vc_row][vc_row css=&#8221;.vc_custom_1622240026557{padding-bottom: 20px !important;background-color: #e5e5e5 !important;}&#8221;][vc_column][vc_column_text]<\/p>\n<h4><\/h4>\n<h4><span style=\"color: #ff9900;\"><strong>Metodolog\u00eda Curso<\/strong><\/span><\/h4>\n<p>Curso taller pr\u00e1ctico en el manejo de las herramientas y apropiaci\u00f3n de conceptos.<\/p>\n<p>MODALIDAD: Presencial Asistido por Tecnolog\u00eda<\/p>\n<p>INTENSIDAD HORARIA: 8 horas<\/p>\n<p><span style=\"color: #ff9900;\"><strong>Evaluaci\u00f3n y criterios de aprobaci\u00f3n\u00a0<\/strong><\/span><\/p>\n<p>60% talleres y desempe\u00f1os de aprendizaje presenciales<\/p>\n<p>20% quices (ejercicio en sesi\u00f3n)<\/p>\n<p>20% examen final[\/vc_column_text][\/vc_column][\/vc_row][vc_row css=&#8221;.vc_custom_1622239893806{padding-bottom: 20px !important;}&#8221;][vc_column][vc_column_text]<\/p>\n<h4><\/h4>\n<h4><span style=\"color: #ff9900;\"><strong>Estructura Curso<\/strong><\/span><\/h4>\n<p>M\u00f3dulo I. Inducci\u00f3n<br \/>\nM\u00f3dulo II. Estrategias de B\u00fasqueda<br \/>\nM\u00f3dulo III. Motores de b\u00fasqueda y Sistemas de recuperaci\u00f3n de Informaci\u00f3n<br \/>\nM\u00f3dulo IV. Bases de datos especializadas[\/vc_column_text][\/vc_column][\/vc_row][vc_row css=&#8221;.vc_custom_1622239906215{padding-bottom: 20px !important;background-color: #e5e5e5 !important;}&#8221;][vc_column][vc_column_text]<\/p>\n<h4><\/h4>\n<h4><span style=\"color: #ff9900;\"><strong>Certificaci\u00f3n<\/strong><\/span><\/h4>\n<p>Para la generaci\u00f3n del certificado es requisito aprobar el 80% del curso y diligenciar la encuesta de satisfacci\u00f3n. Este curso cuenta con 24 cr\u00e9ditos de EDUCONASCOFAME (Programa de Desarrollo Profesional Permanente)[\/vc_column_text][\/vc_column][\/vc_row][vc_row css=&#8221;.vc_custom_1622239917078{padding-bottom: 20px !important;}&#8221;][vc_column css=&#8221;.vc_custom_1622239912342{padding-bottom: 10px !important;}&#8221;][vc_column_text]<\/p>\n<h4><\/h4>\n<h4><span style=\"color: #ff9900;\"><strong>Docentes Facilitadores\u00a0<\/strong><\/span><\/h4>\n<p>[\/vc_column_text][vc_row_inner][vc_column_inner width=&#8221;1\/2&#8243;][vc_column_text]<\/p>\n<p style=\"text-align: center;\">\r\n\t<div class=\"paoc-image-popup\">\r\n\t\t<a class=\"paoc-popup-click paoc-popup-cust-1237 paoc-popup-image paoc-popup-image\" href=\"javascript:void(0);\"><img decoding=\"async\" class=\"popupaoc-img\" src=\"https:\/\/ascofame.org.co\/web\/wp-content\/uploads\/2021\/01\/Angelo-200x200-1-150x150.png\" alt=\"Angelo Laverde\" \/><\/a>\r\n\r\n\t\t\t<\/div>\n<p>[\/vc_column_text][vc_column_text]<\/p>\n<p style=\"text-align: center;\"><strong>Angelo Laverde<\/strong><\/p>\n<p>[\/vc_column_text][\/vc_column_inner][vc_column_inner width=&#8221;1\/2&#8243;][vc_column_text]Profesional en Ciencia de la Informaci\u00f3n &#8211; Bibliotec\u00f3logo de la Pontificia Universidad Javeriana graduado con honores y Psic\u00f3logo de la Universidad El Bosque. En la actualidad se desempe\u00f1a como director de Evaluaci\u00f3n y Tecnolog\u00edas Educativas en Salud de la Asociaci\u00f3n Colombiana de Facultades de Medicina \u2013ASCOFAME-, fundador del Centro de Innovaci\u00f3n y Desarrollo de Recursos Educacionales \u2013 CIDRE-.<\/p>\n<p>Durante siete a\u00f1os fue el director del Centro de Innovaci\u00f3n en Tecnolog\u00edas de Informaci\u00f3n en Salud de la Organizaci\u00f3n para la Excelencia de la Salud \u2013OES-, docente de la Universidad El Bosque en pregrado y en la especializaci\u00f3n de Psicolog\u00eda M\u00e9dica y de la Salud, tutor experto de los diplomados de Farmacoeconom\u00eda y An\u00e1lisis Econ\u00f3mico, y Farmacovigilancia y An\u00e1lisis Cr\u00edtico de la Literatura Biom\u00e9dica de la Universidad del Rosario. Creador del modelo de metadatos \u201cMIDP\u201d para la recuperaci\u00f3n de im\u00e1genes diagn\u00f3sticas. Diplomado en Sistemas y Servicios de Informaci\u00f3n Digital de la Universidad Carlos III de Madrid, diplomado en Gesti\u00f3n de la Seguridad del Paciente de la Universidad Jorge Tadeo Lozano, recientemente culmin\u00f3 sus estudios en Teaching for Understanding en la Universidad de Harvard (Estados Unidos).<\/p>\n<p>Tambi\u00e9n se ha desempe\u00f1ado como director del Observatorio de Usuarios de Informaci\u00f3n de la Universidad Pedag\u00f3gica Nacional, coordinador de servicios de referencia de la Universidad El Bosque. coordinador de arquitectura de informaci\u00f3n de e-health de la Fundaci\u00f3n Santa Fe de Bogot\u00e1 y cofundador del proyecto e-Sanitas de la Organizaci\u00f3n Sanitas Internacional.[\/vc_column_text][\/vc_column_inner][\/vc_row_inner][\/vc_column][\/vc_row][vc_row css=&#8221;.vc_custom_1618028818583{background-color: #e5e5e5 !important;}&#8221;][vc_column][vc_column_text]<\/p>\n<h4><\/h4>\n<p>&nbsp;<\/p>\n<h4><span style=\"color: #ff9900;\"><strong>M\u00e1s informaci\u00f3n<\/strong><\/span><\/h4>\n<p>[\/vc_column_text][vc_row_inner css=&#8221;.vc_custom_1622239537414{padding-bottom: 20px !important;}&#8221;][vc_column_inner width=&#8221;1\/2&#8243;][vc_column_text css=&#8221;.vc_custom_1622239484035{padding-bottom: 10px !important;}&#8221;]<\/p>\n<h4><\/h4>\n<h4><\/h4>\n<p style=\"padding-left: 10px;\"><img loading=\"lazy\" decoding=\"async\" class=\"alignnone wp-image-2457\" src=\"\/wp-content\/uploads\/2021\/03\/icono_cotizar-300x300.jpeg\" alt=\"\" width=\"23\" height=\"23\" srcset=\"https:\/\/ascofame.org.co\/web\/wp-content\/uploads\/2021\/03\/icono_cotizar-300x300.jpeg 300w, https:\/\/ascofame.org.co\/web\/wp-content\/uploads\/2021\/03\/icono_cotizar-150x150.jpeg 150w, https:\/\/ascofame.org.co\/web\/wp-content\/uploads\/2021\/03\/icono_cotizar-100x100.jpeg 100w, https:\/\/ascofame.org.co\/web\/wp-content\/uploads\/2021\/03\/icono_cotizar.jpeg 512w\" sizes=\"auto, (max-width: 23px) 100vw, 23px\" \/> \u00a0 <a href=\"\/cotizacion-educon\/\" target=\"_blank\" rel=\"noopener\"><strong><span style=\"color: #ff6600;\">Cotiza<\/span><\/strong><\/a> el programa<\/p>\n<p>[\/vc_column_text][vc_column_text]<\/p>\n<p style=\"padding-left: 10px;\"><img loading=\"lazy\" decoding=\"async\" class=\"alignnone wp-image-2458\" src=\"\/wp-content\/uploads\/2021\/03\/icono_syllabus-300x300.jpeg\" alt=\"\" width=\"23\" height=\"23\" srcset=\"https:\/\/ascofame.org.co\/web\/wp-content\/uploads\/2021\/03\/icono_syllabus-300x300.jpeg 300w, https:\/\/ascofame.org.co\/web\/wp-content\/uploads\/2021\/03\/icono_syllabus-150x150.jpeg 150w, https:\/\/ascofame.org.co\/web\/wp-content\/uploads\/2021\/03\/icono_syllabus-100x100.jpeg 100w, https:\/\/ascofame.org.co\/web\/wp-content\/uploads\/2021\/03\/icono_syllabus.jpeg 512w\" sizes=\"auto, (max-width: 23px) 100vw, 23px\" \/>\u00a0 \u00a0Descarga el <a href=\"https:\/\/beta.ascofame.org.co\/wp-content\/uploads\/2021\/03\/4.-Curso-busquedas_compressed.pdf\" target=\"_blank\" rel=\"noopener\"><strong><span style=\"color: #ff6600;\">Syllabus<\/span><\/strong><\/a><\/p>\n<p>[\/vc_column_text][\/vc_column_inner][vc_column_inner width=&#8221;1\/2&#8243;][vc_column_text]<\/p>\n<h4><\/h4>\n<p style=\"padding-left: 10px;\"><img loading=\"lazy\" decoding=\"async\" class=\"alignnone wp-image-2460\" src=\"\/wp-content\/uploads\/2021\/03\/icono-correo-300x300.jpeg\" alt=\"\" width=\"26\" height=\"26\" srcset=\"https:\/\/ascofame.org.co\/web\/wp-content\/uploads\/2021\/03\/icono-correo-300x300.jpeg 300w, https:\/\/ascofame.org.co\/web\/wp-content\/uploads\/2021\/03\/icono-correo-150x150.jpeg 150w, https:\/\/ascofame.org.co\/web\/wp-content\/uploads\/2021\/03\/icono-correo-100x100.jpeg 100w, https:\/\/ascofame.org.co\/web\/wp-content\/uploads\/2021\/03\/icono-correo.jpeg 512w\" sizes=\"auto, (max-width: 26px) 100vw, 26px\" \/>\u00a0 \u00a0<strong><span style=\"color: #ff6600;\">Cont\u00e1ctanos <\/span><\/strong>&#8211; info@ascofame.org.co<\/p>\n<p style=\"padding-left: 10px;\">(57) 1 7425380\u00a0 &#8211;\u00a0 (57) 314 4447318<\/p>\n<p>[\/vc_column_text][\/vc_column_inner][\/vc_row_inner][\/vc_column][\/vc_row]<\/p>\n<\/div>","protected":false},"excerpt":{"rendered":"<p>[vc_row css=&#8221;.vc_custom_1622239660957{background-color: #f19d38 !important;}&#8221;][vc_column width=&#8221;1\/2&#8243; css=&#8221;.vc_custom_1622239372216{padding-bottom: 20px !important;background-color: #e5e5e5 !important;}&#8221;][vc_column_text] \u00a0 8 horas &#8211; 4 m\u00f3dulos \u00a0 24\u00a0cr\u00e9ditos de EDUCONASCOFAME (Programa de Desarrollo Profesional Permanente) [\/vc_column_text][\/vc_column][vc_column width=&#8221;1\/2&#8243; css=&#8221;.vc_custom_1622239513771{padding-bottom: 20px !important;background-color: #e5e5e5 !important;}&#8221;][vc_column_text] \u00a0\u00a0COP $+IVA \u00a0 Pol\u00edticas de descuento: 5% para grupos mayores de doce personas.[\/vc_column_text][\/vc_column][\/vc_row][vc_row css=&#8221;.vc_custom_1622511491023{padding-top: 10px !important;padding-bottom: 20px !important;}&#8221;][vc_column][vc_column_text] Presentaci\u00f3n Curso La b\u00fasqueda y recuperaci\u00f3n de informaci\u00f3n es un proceso sistem\u00e1tico de evaluaci\u00f3n de [&hellip;]<\/p>\n","protected":false},"author":5,"featured_media":0,"parent":37,"menu_order":0,"comment_status":"closed","ping_status":"closed","template":"","meta":{"episode_type":"","audio_file":"","podmotor_file_id":"","podmotor_episode_id":"","cover_image":"","cover_image_id":"","duration":"","filesize":"","filesize_raw":"","date_recorded":"","explicit":"","block":"","footnotes":""},"class_list":["post-2579","page","type-page","status-publish","hentry"],"yoast_head":"<!-- This site is optimized with the Yoast SEO plugin v26.3 - https:\/\/yoast.com\/wordpress\/plugins\/seo\/ -->\n<title>Curso \u2013 Taller en B\u00fasqueda y Recuperaci\u00f3n de Informaci\u00f3n Cient\u00edfica en Salud -<\/title>\n<meta name=\"robots\" content=\"index, follow, max-snippet:-1, max-image-preview:large, max-video-preview:-1\" \/>\n<link rel=\"canonical\" href=\"https:\/\/ascofame.org.co\/web\/desarrollo-profesional\/oferta-educativa\/curso-taller-en-busqueda-y-recuperacion-de-informacion-cientifica-en-salud\/\" \/>\n<meta property=\"og:locale\" content=\"es_ES\" \/>\n<meta property=\"og:type\" content=\"article\" \/>\n<meta property=\"og:title\" content=\"Curso \u2013 Taller en B\u00fasqueda y Recuperaci\u00f3n de Informaci\u00f3n Cient\u00edfica en Salud -\" \/>\n<meta property=\"og:description\" content=\"[vc_row css=&#8221;.vc_custom_1622239660957{background-color: #f19d38 !important;}&#8221;][vc_column width=&#8221;1\/2&#8243; css=&#8221;.vc_custom_1622239372216{padding-bottom: 20px !important;background-color: #e5e5e5 !important;}&#8221;][vc_column_text] \u00a0 8 horas &#8211; 4 m\u00f3dulos \u00a0 24\u00a0cr\u00e9ditos de EDUCONASCOFAME (Programa de Desarrollo Profesional Permanente) [\/vc_column_text][\/vc_column][vc_column width=&#8221;1\/2&#8243; css=&#8221;.vc_custom_1622239513771{padding-bottom: 20px !important;background-color: #e5e5e5 !important;}&#8221;][vc_column_text] \u00a0\u00a0COP $+IVA \u00a0 Pol\u00edticas de descuento: 5% para grupos mayores de doce personas.[\/vc_column_text][\/vc_column][\/vc_row][vc_row css=&#8221;.vc_custom_1622511491023{padding-top: 10px !important;padding-bottom: 20px !important;}&#8221;][vc_column][vc_column_text] Presentaci\u00f3n Curso La b\u00fasqueda y recuperaci\u00f3n de informaci\u00f3n es un proceso sistem\u00e1tico de evaluaci\u00f3n de [&hellip;]\" \/>\n<meta property=\"og:url\" content=\"https:\/\/ascofame.org.co\/web\/desarrollo-profesional\/oferta-educativa\/curso-taller-en-busqueda-y-recuperacion-de-informacion-cientifica-en-salud\/\" \/>\n<meta property=\"article:modified_time\" content=\"2021-06-01T19:49:56+00:00\" \/>\n<meta name=\"twitter:card\" content=\"summary_large_image\" \/>\n<meta name=\"twitter:label1\" content=\"Tiempo de lectura\" \/>\n\t<meta name=\"twitter:data1\" content=\"5 minutos\" \/>\n<script type=\"application\/ld+json\" class=\"yoast-schema-graph\">{\"@context\":\"https:\/\/schema.org\",\"@graph\":[{\"@type\":\"WebPage\",\"@id\":\"https:\/\/ascofame.org.co\/web\/desarrollo-profesional\/oferta-educativa\/curso-taller-en-busqueda-y-recuperacion-de-informacion-cientifica-en-salud\/\",\"url\":\"https:\/\/ascofame.org.co\/web\/desarrollo-profesional\/oferta-educativa\/curso-taller-en-busqueda-y-recuperacion-de-informacion-cientifica-en-salud\/\",\"name\":\"Curso \u2013 Taller en B\u00fasqueda y Recuperaci\u00f3n de Informaci\u00f3n Cient\u00edfica en Salud -\",\"isPartOf\":{\"@id\":\"https:\/\/ascofame.org.co\/web\/#website\"},\"datePublished\":\"2021-03-23T17:39:53+00:00\",\"dateModified\":\"2021-06-01T19:49:56+00:00\",\"breadcrumb\":{\"@id\":\"https:\/\/ascofame.org.co\/web\/desarrollo-profesional\/oferta-educativa\/curso-taller-en-busqueda-y-recuperacion-de-informacion-cientifica-en-salud\/#breadcrumb\"},\"inLanguage\":\"es\",\"potentialAction\":[{\"@type\":\"ReadAction\",\"target\":[\"https:\/\/ascofame.org.co\/web\/desarrollo-profesional\/oferta-educativa\/curso-taller-en-busqueda-y-recuperacion-de-informacion-cientifica-en-salud\/\"]}]},{\"@type\":\"BreadcrumbList\",\"@id\":\"https:\/\/ascofame.org.co\/web\/desarrollo-profesional\/oferta-educativa\/curso-taller-en-busqueda-y-recuperacion-de-informacion-cientifica-en-salud\/#breadcrumb\",\"itemListElement\":[{\"@type\":\"ListItem\",\"position\":1,\"name\":\"Portada\",\"item\":\"https:\/\/ascofame.org.co\/web\/\"},{\"@type\":\"ListItem\",\"position\":2,\"name\":\"Desarrollo Profesional\",\"item\":\"https:\/\/ascofame.org.co\/web\/desarrollo-profesional\/\"},{\"@type\":\"ListItem\",\"position\":3,\"name\":\"Oferta Educativa\",\"item\":\"https:\/\/ascofame.org.co\/web\/desarrollo-profesional\/oferta-educativa\/\"},{\"@type\":\"ListItem\",\"position\":4,\"name\":\"Curso \u2013 Taller en B\u00fasqueda y Recuperaci\u00f3n de Informaci\u00f3n Cient\u00edfica en Salud\"}]},{\"@type\":\"WebSite\",\"@id\":\"https:\/\/ascofame.org.co\/web\/#website\",\"url\":\"https:\/\/ascofame.org.co\/web\/\",\"name\":\"Ascofame\",\"description\":\"\",\"potentialAction\":[{\"@type\":\"SearchAction\",\"target\":{\"@type\":\"EntryPoint\",\"urlTemplate\":\"https:\/\/ascofame.org.co\/web\/?s={search_term_string}\"},\"query-input\":{\"@type\":\"PropertyValueSpecification\",\"valueRequired\":true,\"valueName\":\"search_term_string\"}}],\"inLanguage\":\"es\"}]}<\/script>\n<!-- \/ Yoast SEO plugin. -->","yoast_head_json":{"title":"Curso \u2013 Taller en B\u00fasqueda y Recuperaci\u00f3n de Informaci\u00f3n Cient\u00edfica en Salud -","robots":{"index":"index","follow":"follow","max-snippet":"max-snippet:-1","max-image-preview":"max-image-preview:large","max-video-preview":"max-video-preview:-1"},"canonical":"https:\/\/ascofame.org.co\/web\/desarrollo-profesional\/oferta-educativa\/curso-taller-en-busqueda-y-recuperacion-de-informacion-cientifica-en-salud\/","og_locale":"es_ES","og_type":"article","og_title":"Curso \u2013 Taller en B\u00fasqueda y Recuperaci\u00f3n de Informaci\u00f3n Cient\u00edfica en Salud -","og_description":"[vc_row css=&#8221;.vc_custom_1622239660957{background-color: #f19d38 !important;}&#8221;][vc_column width=&#8221;1\/2&#8243; css=&#8221;.vc_custom_1622239372216{padding-bottom: 20px !important;background-color: #e5e5e5 !important;}&#8221;][vc_column_text] \u00a0 8 horas &#8211; 4 m\u00f3dulos \u00a0 24\u00a0cr\u00e9ditos de EDUCONASCOFAME (Programa de Desarrollo Profesional Permanente) [\/vc_column_text][\/vc_column][vc_column width=&#8221;1\/2&#8243; css=&#8221;.vc_custom_1622239513771{padding-bottom: 20px !important;background-color: #e5e5e5 !important;}&#8221;][vc_column_text] \u00a0\u00a0COP $+IVA \u00a0 Pol\u00edticas de descuento: 5% para grupos mayores de doce personas.[\/vc_column_text][\/vc_column][\/vc_row][vc_row css=&#8221;.vc_custom_1622511491023{padding-top: 10px !important;padding-bottom: 20px !important;}&#8221;][vc_column][vc_column_text] Presentaci\u00f3n Curso La b\u00fasqueda y recuperaci\u00f3n de informaci\u00f3n es un proceso sistem\u00e1tico de evaluaci\u00f3n de [&hellip;]","og_url":"https:\/\/ascofame.org.co\/web\/desarrollo-profesional\/oferta-educativa\/curso-taller-en-busqueda-y-recuperacion-de-informacion-cientifica-en-salud\/","article_modified_time":"2021-06-01T19:49:56+00:00","twitter_card":"summary_large_image","twitter_misc":{"Tiempo de lectura":"5 minutos"},"schema":{"@context":"https:\/\/schema.org","@graph":[{"@type":"WebPage","@id":"https:\/\/ascofame.org.co\/web\/desarrollo-profesional\/oferta-educativa\/curso-taller-en-busqueda-y-recuperacion-de-informacion-cientifica-en-salud\/","url":"https:\/\/ascofame.org.co\/web\/desarrollo-profesional\/oferta-educativa\/curso-taller-en-busqueda-y-recuperacion-de-informacion-cientifica-en-salud\/","name":"Curso \u2013 Taller en B\u00fasqueda y Recuperaci\u00f3n de Informaci\u00f3n Cient\u00edfica en Salud -","isPartOf":{"@id":"https:\/\/ascofame.org.co\/web\/#website"},"datePublished":"2021-03-23T17:39:53+00:00","dateModified":"2021-06-01T19:49:56+00:00","breadcrumb":{"@id":"https:\/\/ascofame.org.co\/web\/desarrollo-profesional\/oferta-educativa\/curso-taller-en-busqueda-y-recuperacion-de-informacion-cientifica-en-salud\/#breadcrumb"},"inLanguage":"es","potentialAction":[{"@type":"ReadAction","target":["https:\/\/ascofame.org.co\/web\/desarrollo-profesional\/oferta-educativa\/curso-taller-en-busqueda-y-recuperacion-de-informacion-cientifica-en-salud\/"]}]},{"@type":"BreadcrumbList","@id":"https:\/\/ascofame.org.co\/web\/desarrollo-profesional\/oferta-educativa\/curso-taller-en-busqueda-y-recuperacion-de-informacion-cientifica-en-salud\/#breadcrumb","itemListElement":[{"@type":"ListItem","position":1,"name":"Portada","item":"https:\/\/ascofame.org.co\/web\/"},{"@type":"ListItem","position":2,"name":"Desarrollo Profesional","item":"https:\/\/ascofame.org.co\/web\/desarrollo-profesional\/"},{"@type":"ListItem","position":3,"name":"Oferta Educativa","item":"https:\/\/ascofame.org.co\/web\/desarrollo-profesional\/oferta-educativa\/"},{"@type":"ListItem","position":4,"name":"Curso \u2013 Taller en B\u00fasqueda y Recuperaci\u00f3n de Informaci\u00f3n Cient\u00edfica en Salud"}]},{"@type":"WebSite","@id":"https:\/\/ascofame.org.co\/web\/#website","url":"https:\/\/ascofame.org.co\/web\/","name":"Ascofame","description":"","potentialAction":[{"@type":"SearchAction","target":{"@type":"EntryPoint","urlTemplate":"https:\/\/ascofame.org.co\/web\/?s={search_term_string}"},"query-input":{"@type":"PropertyValueSpecification","valueRequired":true,"valueName":"search_term_string"}}],"inLanguage":"es"}]}},"_links":{"self":[{"href":"https:\/\/ascofame.org.co\/web\/wp-json\/wp\/v2\/pages\/2579","targetHints":{"allow":["GET"]}}],"collection":[{"href":"https:\/\/ascofame.org.co\/web\/wp-json\/wp\/v2\/pages"}],"about":[{"href":"https:\/\/ascofame.org.co\/web\/wp-json\/wp\/v2\/types\/page"}],"author":[{"embeddable":true,"href":"https:\/\/ascofame.org.co\/web\/wp-json\/wp\/v2\/users\/5"}],"replies":[{"embeddable":true,"href":"https:\/\/ascofame.org.co\/web\/wp-json\/wp\/v2\/comments?post=2579"}],"version-history":[{"count":30,"href":"https:\/\/ascofame.org.co\/web\/wp-json\/wp\/v2\/pages\/2579\/revisions"}],"predecessor-version":[{"id":4079,"href":"https:\/\/ascofame.org.co\/web\/wp-json\/wp\/v2\/pages\/2579\/revisions\/4079"}],"up":[{"embeddable":true,"href":"https:\/\/ascofame.org.co\/web\/wp-json\/wp\/v2\/pages\/37"}],"wp:attachment":[{"href":"https:\/\/ascofame.org.co\/web\/wp-json\/wp\/v2\/media?parent=2579"}],"curies":[{"name":"wp","href":"https:\/\/api.w.org\/{rel}","templated":true}]}}